iple of 69?
False
Is 2149666260 a multiple of 329?
True
Does 18 divide 38959152?
False
Is 5 a factor of 13548979?
False
Is 40 a factor of 403635178?
False
Is 141546154 a multiple of 667?
False
Does 12 divide 35688824?
False
Is 74749198 a multiple of 343?
False
Does 562 divide 310740743?
False
Does 33 divide 94674064?
False
Does 185 divide 603006760?
True
Is 970 a factor of 29345161?
False
Does 17 divide 185791929?
True
Does 2381 divide 919729204?
False
Does 619 divide 164847747?
True
Is 173565440 a multiple of 320?
True
Is 2277768576 a multiple of 29?
True
Is 3945396 a multiple of 39?
True
Does 9 divide 18475533?
True
Is 2381291 a multiple of 441?
False
Does 3 divide 891627?
True
Is 321 a factor of 282133878?
False
Does 88 divide 22889873?
False
Does 418 divide 202587395?
False
Is 6665639403 a multiple of 7967?
False
Is 927 a factor of 3415241213?
False
Is 11720960 a multiple of 10?
True
Is 9988178 a multiple of 175?
False
Does 24 divide 121366686?
False
Is 122689997 a multiple of 51?
False
Is 278 a factor of 81093160?
False
Is 9 a factor of 707208223?
False
Is 927 a factor of 113822772?
False
Is 53838468 a multiple of 298?
True
Is 3703799 a multiple of 334?
False
Is 10 a factor of 1107244753?
False
Does 16 divide 1811164240?
True
Does 645 divide 127632838?
False
Does 19 divide 154526297?
True
Is 11 a factor of 460069223?
False
Is 275 a factor of 200106225?
True
Is 387 a factor of 89089019?
False
Is 10287000 a multiple of 1270?
True
Does 143 divide 863648561?
False
Is 79462499 a multiple of 742?
False
Does 4 divide 90331607?
False
Is 21 a factor of 99379833?
True
Is 33 a factor of 797664308?
False
Does 90 divide 46556987?
False
Is 387667812 a multiple of 588?
True
Is 920763945 a multiple of 8901?
True
Is 24977212 a multiple of 250?
False
Does 1171 divide 908619094?
False
Does 1999 divide 2981428?
False
Is 1740 a factor of 65994720?
True
Is 64308048 a multiple of 10?
False
Is 2165 a factor of 3435694790?
True
Is 110 a factor of 120001896?
False
Does 85 divide 35728498?
False
Is 17 a factor of 278491960?
True
Is 68185490 a multiple of 95?
True
Does 117 divide 5405571405?
True
Is 107508091 a multiple of 3196?
False
Does 9 divide 510979473?
True
Is 1597493 a multiple of 1130?
False
Is 693 a factor of 77658210?
False
Is 16 a factor of 99188016?
True
Is 22 a factor of 99261181?
False
Does 12 divide 395849041?
False
Is 122 a factor of 74531752?
True
Does 2223 divide 622395540?
True
Is 8924392 a multiple of 721?
False
Is 74 a factor of 411573015?
False
Does 23 divide 76933142?
False
Does 2 divide 15119081?
False
Is 225110293 a multiple of 547?
False
Is 62167723 a multiple of 93?
False
Does 47 divide 320257248?
True
Is 123906907 a multiple of 4808?
False
Is 60 a factor of 498283921?
False
Does 108 divide 859270572?
True
Does 35 divide 826681590?
True
Is 14 a factor of 69737682?
True
Is 1584096 a multiple of 8?
True
Is 3 a factor of 15261180?
True
Is 22 a factor of 404708744?
True
Is 43 a factor of 10447581?
True
Is 92377040 a multiple of 1172?
True
Does 2914 divide 518831872?
True
Is 45 a factor of 430428780?
True
Does 79 divide 224214785?
False
Is 15 a factor of 11983627?
False
Is 143 a factor of 613635960?
False
Does 4495 divide 125244917?
False
Is 44 a factor of 10288344?
True
Is 287 a factor of 777866945?
False
Is 48572621 a multiple of 1373?
True
Does 38 divide 992513360?
False
Does 1881 divide 3110087135?
False
Is 801 a factor of 67966911?
False
Is 374 a factor of 113924514?
True
Does 2349 divide 127682244?
True
Does 19 divide 260053645?
False
Is 1259543434 a multiple of 97?
False
Is 10511 a factor of 2664549011?
True
Is 6 a factor of 46394160?
True
Is 191840047 a multiple of 2?
False
Is 1527 a factor of 1574337?
True
Is 2208 a factor of 604762368?
True
Is 90902980 a multiple of 70?
True
Does 303 divide 15279450?
False
Does 3474 divide 56056464?
True
Is 8 a factor of 20587200?
True
Is 96 a factor of 307739424?
True
Is 226963080 a multiple of 466?
False
Does 65 divide 261108050?
False
Is 710168170 a multiple of 5493?
False
Is 67 a factor of 30593200?
False
Is 195 a factor of 73778250?
True
Does 2794 divide 960768557?
False
Is 28 a factor of 199557652?
True
Does 11 divide 97052714?
True
Is 83150395 a multiple of 29?
True
Is 113 a factor of 103870391?
True
Is 6 a factor of 152761888?
False
Does 19 divide 53169353?
True
Does 29 divide 448110494?
True
Does 48 divide 51126432?
True
Is 568 a factor of 39697798?
False
Does 3809 divide 16643856?
False
Does 73 divide 18671210?
True
Does 75 divide 100998108?
False
Is 24 a factor of 186217272?
True
Is 528 a factor of 6478789?
False
Is 5586 a factor of 116982012?
True
Is 29037646 a multiple of 17?
False
Is 33 a factor of 150584626?
False
Is 138 a factor of 261720036?
True
Does 188 divide 38047287?
False
Is 55 a factor of 441348325?
True
Is 30574876 a multiple of 76?
True
Does 358 divide 101646224?
True
Does 8 divide 1567877064?
True
Is 1049265460 a multiple of 312?
False
Is 22 a factor of 2728620077?
False
Does 8 divide 17348296?
True
Does 36 divide 39424219?
False
Is 20 a factor of 16152739?
False
Is 22921976 a multiple of 33?
False
Is 18 a factor of 20221428?
False
Is 37576164 a multiple of 221?
False
Is 2090 a factor of 14059680?
False
Does 19 divide 31107275?
True
Is 21654050 a multiple of 168?
False
Is 837227976 a multiple of 474?
False
Does 18 divide 621305992?
False
Does 17 divide 6522543?
True
Is 14 a factor of 3716827?
False
Is 42 a factor of 688195662?
True
Is 1996211016 a multiple of 1032?
True
Is 147428857 a multiple of 242?
False
Does 1313 divide 876155499?
False
Does 464 divide 538979629?
False
Is 35491053 a multiple of 33?
False
Is 22050792 a multiple of 597?
True
Is 32 a factor of 8327296?
True
Is 383 a factor of 118647655?
True
Does 935 divide 4145951285?
False
Is 50 a factor of 2548018202?
False
Is 198 a factor of 24140391?
False
Does 1999 divide 56944703?
False
Does 3 divide 1375987?
False
Does 47 divide 138600130?
False
Is 42714432 a multiple of 1728?
True
Does 7 divide 7694243?
False
Is 3146885 a multiple of 6?
False
Is 13229629 a multiple of 103?
True
Is 1498136622 a multiple of 522?
False
Is 2471 a factor of 3019608949?
True
Is 1424968546 a multiple of 6?
False
Is 4 a factor of 10674789?
False
Is 61031038 a multiple of 178?
True
Does 2363 divide 858317216?
True
Is 18020216 a multiple of 546?
False
Does 69 divide 326909649?
True
Is 1829 a factor of 53367473?
False
Is 24 a factor of 2628670631?
False
Is 21893932 a multiple of 10?
False
Is 1748 a factor of 692348758?
False
Is 2306721088 a multiple of 4848?
False
Does 7 divide 84190708?
True
Does 1426 divide 102147864?
False
Is 1660918200 a multiple of 2140?
True
Is 933078590 a multiple of 237?
False
Is 912 a factor of 81120172?
False
Is 20 a factor of 11868940?
True
Is 18 a factor of 451642294?
False
Is 197716174 a multiple of 471?
False
Does 19 divide 71234626?
False
Is 611 a factor of 289624230?
False
Is 4624 a factor of 157350096?
True
Does 149 divide 50381406?
False
Is 13 a factor of 3794093402?
False
Does 1006 divide 29828906?
True
Is 16 a factor of 107416064?
True
Is 59 a factor of 136391244?
True
Is 15 a factor of 483062169?
False
Is 5 a factor of 271040530?
True
Is 142976344 a multiple of 28?
True
Does 74 divide 7870788?
True
Is 177565350 a multiple of 258?
False
Is 10 a factor of 3328240?
True
Does 307 divide 45937945?
True
Is 1955499777 a multiple of 1170?
False
Is 73928320 a multiple of 42?
False
Is 1002 a factor of 1034021916?
True
Is 786745228 a multiple of 164?
True
Is 1398668180 a multiple of 134?
False
Does 69 divide 2134515?
True
Does 71 divide 184213594?
False
Is 17 a factor of 281809960?
False
Is 7914435430 a multiple of 314?
False
Is 22251530 a multiple of 35?
True
Does 15 divide 25908369?
False
Does 4069 divide 2929820072?
False
Is 2075196 a multiple of 12?
True
Is 39559875 a multiple of 15?
True
Does 17 divide 9182567?
True
Does 3118 divide 301922176?
True
Is 1572 a factor of 30567540?
True
Is 368 a factor of 51602150?
False
Is 39 a factor of 24718356?
True
Does 35 divide 17793659?
False
Is 21943770 a multiple of 255?
True
Is 68887390 a multiple of 10?
True
Does 25 divide 124973757?
False
Is 26 a factor of 1448465720?
True
Does 4 divide 1591365531?
False
Is 11374451 a multiple of 82?
False
Is 27 a factor of 39348